2*t**2 - 8*t - 2. Let p(z) = -z**2 - z - 2. Let g be p(-2). Let a(u) = g*y(u) - 3*b(u). Calculate a(4).
6
Let u(t) = -t**3 - t + 4. Let c be u(0). Let h(o) = o**3 + c + 3*o**3 - 5*o**3 - 4*o**2 + 5*o. Suppose 3*p + 29 = -4*a - 0*p, -27 = 3*a + 4*p. Give h(a).
4
Let u(d) = 4*d**2 + 5*d**3 - 3*d**3 - d**3 + 4*d. Let c be u(-3). Let n(q) = -3*q**2 + 1 - q**2 + 5*q**2 - 4*q + q**3. Calculate n(c).
-5
Let c be 2 - 8/(-12)*3. Let z(f) = -f + 4. Let g(m) = -m + 5. Let o(k) = 5*g(k) - 4*z(k). Give o(c).
5
Suppose 0 = -n - 3*n + 12. Suppose -d - 4*y = 3*d - 4, 0 = -n*d - 2*y - 2. Let k(b) = -b**2 - 5*b - 2. Calculate k(d).
2
Suppose 38 = -5*z + 183. Let n = 34 - z. Let y(m) = -m**3 + 5*m**2 + 3*m - 4. Calculate y(n).
11
Let g(k) = -2*k - 5*k**3 + 5*k**3 + 5*k**2 + 7*k**3. Let f(o) = 3*o**3 + 2*o**2 - o. Let s = -9 - -7. Let d(c) = s*g(c) + 5*f(c). Determine d(0).
0
Let m(h) = -7*h**3 - h**2 + 8*h - 6. Let k(n) = n**3 + n**2 - n + 1. Let j(b) = -6*k(b) - m(b). Suppose -2*s + 0*c + 2*c = 0, -30 = -2*s - 4*c. Determine j(s).
-10
Let o(s) = -s**3 - 2*s**2 - s - 1. Let a(q) = 4*q**3 - 5*q**2 + 2*q + 11. Let j(b) = -a(b) - 3*o(b). Calculate j(11).
3
Let l(x) be the third derivative of x**4/6 + x**3/6 + 2*x**2. Suppose 6*p - 4*w + 19 = 3*p, 4*p - 4*w = -24. Let t = 3 + p. Calculate l(t).
-7
Let g(p) = p - 4. Let f be g(6). Let w(m) = -4*m + 3. Give w(f).
-5
Let o(h) = -h**2 - 14*h + 3 - 7*h - 7*h + 33*h. Let d(l) = -6*l**2 + 1. Let f be d(-1). Let s = -1 - f. Give o(s).
7
Let o(v) = -3*v**2 - 2 + 3*v**2 + 3*v**2 - 4*v**2 - 5*v. Determine o(-6).
-8
Let a(j) = 10*j - 4. Let o(u) = -2. Let s(z) = -2*a(z) + 4*o(z). Let h(n) be the second derivative of -7*n**3/6 + n. Let v(k) = 17*h(k) - 6*s(k). What is v(-1)?
-1
Let y(g) be the third derivative of -g**4/24 - 3*g**3/2 - 3*g**2. Calculate y(0).
-9
Let c(y) = 10*y + 6*y**2 + 18*y - 1 - 7*y**2 - 30*y. Suppose -v + 2 = -2*v. What is c(v)?
-1
Let k(d) = -12 + 7*d + d - 9*d. Give k(0).
-12
Let b(c) be the third derivative of c**9/3360 - c**8/20160 - c**7/5040 + c**6/720 + c**5/15 + 9*c**2. Let u(y) be the third derivative of b(y). Determine u(1).
17
Let n(g) = -3*g**3 - 3*g**2 - 3*g - 5. Let v(a) = -4*a**3 - 4*a**2 - 3*a - 6. Let d(h) = 3*n(h) - 2*v(h). Let b be -3*(-2 - -3) - -1. Determine d(b).
7
Let w(m) = -m**3 + 8*m**2 - 8*m + 10. Let v be w(7). Let u(l) = l**3 - 4*l**2 - 5*l + 1. Let c(z) = -z**2 - 1. Let k(f) = 2*c(f) - u(f). What is k(v)?
3
Let h(t) = t**3 - t**2 - t + 4. Suppose 3 = 2*f - 1. Calculate h(f).
6
Let q(g) = 4*g + 32. Let l be q(-8). Let v(u) be the first derivative of 1/4*u**4 + 0*u**2 + l*u**3 + 2 + 4*u. Determine v(0).
4
Let z(d) = d**2 + 48*d - 7 - 55*d - 2*d**2. Suppose 5 = -3*s + 4*s. Suppose 2*x - g + 5 = 0, -2*x - 2*g + 5 = -s*g. Give z(x).
3
Let g(p) = -3*p - 15. Let y(w) = -w**3 + 7*w**2 + 7*w + 2. Let i be y(8). Let q be g(i). Let s(o) = -o - 1. Give s(q).
-4
Let y(q) = -q**2. Let w be (-45)/21 + (-2)/(-14). What is y(w)?
-4
Let d(s) = -s**3 - s**2 + 3*s - 4. Suppose 20 = h + 3*h. Let n = h + -3. Suppose -z - n*z = 9. Give d(z).
5
Let x(p) = 0 + 0 - 3 + p. Give x(-4).
-7
Let y(z) = z. Suppose -5*a + 4 = -41. Let f = a - 9. Give y(f).
0
Let n be 14/(-8) + 1 - (-10)/(-8). Let j(q) = q**3 + 1. Give j(n).
-7
Let q(p) = -p**3 + 7*p**2 + 9*p - 4. Let m be q(8). Let i(t) be the first derivative of 1/3*t**3 - 2 - 4*t - t**2. Give i(m).
4
Suppose 36 - 6 = 5*i. Let g(l) = 8 + 0*l + 2*l - 5*l. What is g(i)?
-10
Suppose 4*a + 4*n = 4, -18*a + 21*a - 6 = -2*n. Let o(g) = -7*g**2 + 6*g + 2. Let l(q) = -8*q**2 + 6*q + 3. Let p(f) = -5*l(f) + 6*o(f). What is p(a)?
-11
Let t = -1 + -2. Let i(k) = -k + 1. Give i(t).
4
Let d(b) be the first derivative of 5*b**2/2 - 2*b + 54. Let g = 1 - 3. Determine d(g).
-12
Let i = 49 + -43. Let j(d) = -d**2 + 5*d - 2. Calculate j(i).
-8
Let w(j) = -j**3 - 3*j + 5. Let n(v) = v - 1. Let i(c) = -3*n(c) - w(c). Give i(0).
-2
Let b(v) = 4*v**2 + 3 - 9 - 2*v + v**3 - v. Let r be (3 + 3)/((-3)/2). Determine b(r).
6
Let c(u) = u**3 - 5*u**2 - 5*u + 5. Let h = 42 + -22. Suppose -3*a + 18 = 5*o, 4*o - 16 - h = 3*a. Give c(o).
11
Let o(l) = 1 - 3*l**2 + l + 2*l + 0*l - l**3. Calculate o(-4).
5
Let f = 4 - 4. Let v(z) = z + 0 + f + 2 + 0. Give v(-2).
0
Suppose 5*q - 18 - 2 = 0. Let x be 2/(4 - 2)*-1. Let y = x - q. Let c(v) = -v**3 - 4*v**2 + 5*v - 1. Calculate c(y).
-1
Let p(j) = j**3 + 3*j**2 + 2*j + 4. Suppose n + 3*o + 7 = -o, -4*o = 5*n - 13. Let d = 23 + -15. Let t = n - d. What is p(t)?
-2
Let q(s) = s**2 - 6*s + 4. Suppose -4*f = f. Suppose -3*c - 2*a = -7, 4*c - 2*a = -f*c. Let r be c/(-2) - (-22)/4. Determine q(r).
-1
Suppose -16 = 3*s - 1. Let w(h) be the second derivative of 0 - 7/6*h**3 - 1/2*h**4 - 2*h**2 - 1/20*h**5 + 4*h. Give w(s).
6
Suppose -u = -5*f - 1, 4*f = -2*u - 0*u + 2. Let k = 6 - u. Let s(m) = m**2 - 5*m - 2. Determine s(k).
-2
Let z(q) = 1 + 3 - q**2 - 7 + q. Determine z(0).
-3
Let x = -9 - -32. Suppose j - 2*b - 8 = -x, 2*b = -2*j. Let k(t) = -t**2 - 4*t + 6. What is k(j)?
1
Let x(t) = -t**2 - 7*t - 2. Suppose 5*d = 2*d. Suppose d = l - 0*l + 2. Let o be 2*(l + 3/(-6)). Calculate x(o).
8
Let p(v) be the first derivative of -v**4/4 + v**3 + 3*v**2/2 + 3*v + 9. Calculate p(4).
-1
Let r(b) = -b**2 - 9*b + 7. Let j(a) = -a**2 - 8*a + 7. Let z(f) = 3*j(f) - 2*r(f). Suppose -8*g = -3*g + 30. Calculate z(g).
7
Let i(y) be the first derivative of 1/12*y**4 - 1/3*y**3 + 3 - 3*y + 1/2*y**2. Let t(k) be the first derivative of i(k). What is t(3)?
4
Let c be -3*3/((-18)/(-4)). Let i be 0/c - (-5 - -5). Let w(v) = v**2 + i*v + v + 0*v**2. What is w(-1)?
0
Let g(w) = w**2 - 5*w + 2. Let v be g(4). Let u be (-25)/(-10)*v/(-1). Let l(i) = 0 + 0*i**2 - u*i**2 - 8*i**3 + 1 + 4*i**2. Give l(-1).
8
Let a be (2/6 - -3)*3. Let i = a + -13. Let z(r) = r**2 + 4*r + 1. What is z(i)?
-2
Let o = 11 - 11. Suppose 2*l + l = o. Let b(m) = m**3 - m + 2. Determine b(l).
2
Let k(d) be the second derivative of d**2/2 + d. Let f(r) = r + 3. Let c = -4 + 3. Let u(q) = c*k(q) + f(q). Give u(-2).
0
Let h(k) be the third derivative of 0*k + 0 + 1/15*k**5 + 1/8*k**4 - 1/120*k**6 + 2*k**2 + 1/3*k**3. Suppose 5*a - 15 = 2*a. Give h(a).
-8
Let b(o) = -o**2 - 7*o - 8. Let u(q) = -25*q + 13. Let a(k) = -4*k + 2. Let v(y) = -39*a(y) + 6*u(y). Let h be v(-1). Calculate b(h).
-2
Let w(g) = g**3 + 7*g**2 + 3*g + 5. Let j(r) = -r. Let f(b) = -5*j(b) + w(b). Calculate f(-6).
-7
Let i(n) be the first derivative of -n**2 - 2/3*n**3 - 1 - n. Suppose 8 = -10*y - 2. Give i(y).
-1
Let g(i) = i - 1. Let h(l) = l**3 + 2*l**2 + 5*l - 8. Let f(t) = -6*g(t) + h(t). Calculate f(-2).
0
Let a(x) = 0*x**3 + 5 + 3*x + x**3 + 0*x**2 - 5*x**2. Let c(d) = 2*d - 2. Let u(k) = -3*k + 1. Let f(m) = 5*c(m) + 4*u(m). Let l be f(-5). Determine a(l).
1
Suppose -77 = 3*v - 89. Let s(q) = -4*q + 3. What is s(v)?
-13
Let j(g) be the first derivative of 7*g**3/6 - 10*g - 3. Let c(m) be the first derivative of j(m). Give c(-1).
-7
Let p(n) = -6*n - 4. Let q(b) = -b. Let z(y) = p(y) - 3*q(y). Give z(-4).
8
Let c(v) = -3*v**3 + 2*v + 5. Let h(a) = -12*a**3 - a**2 + 10*a + 21. Let p(d) = -9*c(d) + 2*h(d). Suppose 2*m - 2 = m. What is p(m)?
17
Suppose 9 = -2*i + 3. Let q(t) = t**3 + 3*t**2 - 2*t + 3. Let j be q(i). Let f(s) = 15*s - 4 + 5 - j*s. Calculate f(-1).
-5
Let o(c) = c**3 + 6*c**2 + 2. Suppose -4*h = -9*h - 15. Let p = h - 3. Give o(p).
2
Let o(x) = -7*x**2 + 0 - 467*x + 3 - x**3 + 461*x. Let f = 9 - 15. Determine o(f).
3
Let z = 158 + 40. Let q be z/(-42) + (-2)/7. Let u(l) be the third derivative of -l**5/60 - l**4/4 - l**3/3 + l**2. Calculate u(q).
3
Let z(d) be the third derivative of -d**8/6720 - d**7/2520 - d**6/720 - d**4/6 + 2*d**2. Let v(p) be the second derivative of z(p). Give v(-2).
6
Suppose 0*g + 3 = 3*g. Let z(y) = -6*y**2 + y - 1. Give z(g).
-6
Let l(f) = -f + 7. Let g be l(6). Suppose g = -2*j + 7. Let x(d) = 89*d - 3*d**2 + d**2 - 1 + d**2 - 86*d. Give x(j).
-1
Let r(p) = p + 609 - 610 + p**2 - 4*p. Suppose 0*y - 13 = -5*y - 3*b, -3*b = 12. What is r(y)?
9
Let c(k) = k**2 - 2*k + 1. Suppose 2*b + 11 - 3 = 0. Let m(a) = a**2 + 4*a + 3. Let o be m(b). Calculate c(o).
4
Suppose 2*k + 4*h - 24 = -0*h, 0 = 3*k - 4*h + 14. Let n be (-1 + -61)*k/(-4). Let d(o) = -o + n - 31. What is d(-5)?
5
Let k(j) = j**2 + 3*j